
Is 654458400 a multiple of 450?
True
Is 228 a factor of 28306513?
False
Is 4 a factor of 93628473?
False
Does 157 divide 1019489705?
True
Is 7997036 a multiple of 478?
False
Is 691 a factor of 24757148?
True
Does 2416 divide 2039929586?
False
Is 12550384 a multiple of 24?
False
Does 9 divide 28814580?
True
Is 13 a factor of 8869172?
True
Is 86 a factor of 53725987?
False
Is 4114838 a multiple of 46?
True
Is 935335264 a multiple of 717?
False
Is 20711860 a multiple of 481?
True
Is 6738489 a multiple of 13?
False
Is 96193460 a multiple of 1479?
False
Does 2 divide 34504384?
True
Is 571162362 a multiple of 59?
True
Does 135 divide 9087761?
False
Is 6066 a factor of 674036032?
False
Is 852 a factor of 21977340?
True
Does 1731 divide 307634266?
False
Does 197 divide 5171447?
True
Does 671 divide 986033154?
False
Is 3845720 a multiple of 5?
True
Is 340331763 a multiple of 18?
False
Is 317 a factor of 1301737042?
True
Is 49 a factor of 314336617?
True
Is 96 a factor of 29104128?
True
Is 212137443 a multiple of 3?
True
Does 9 divide 665768079?
True
Is 32 a factor of 50028480?
True
Does 40 divide 123059380?
False
Is 11788923 a multiple of 14?
False
Is 11871274 a multiple of 192?
False
Is 3975510330 a multiple of 30?
True
Is 2126793 a multiple of 185?
False
Is 46 a factor of 62224614?
True
Is 873 a factor of 749721051?
True
Is 21 a factor of 1044760815?
True
Does 3 divide 40271597?
False
Is 10 a factor of 38140504?
False
Does 24 divide 3063192?
True
Is 18 a factor of 14935644?
True
Is 1517816590 a multiple of 12?
False
Does 555 divide 31147625?
False
Does 280 divide 11346960?
False
Does 42 divide 1429393253?
False
Does 453 divide 958771213?
False
Is 4690774114 a multiple of 91?
False
Does 62 divide 14308360?
True
Does 80 divide 187489806?
False
Does 139 divide 17215567?
True
Does 24 divide 170077300?
False
Is 8 a factor of 130033835?
False
Is 323 a factor of 29805466?
False
Is 143 a factor of 1769077314?
False
Is 620923793 a multiple of 3?
False
Is 3585 a factor of 79547726?
False
Is 14 a factor of 21113684?
False
Is 150997345 a multiple of 5?
True
Is 7 a factor of 2954681?
False
Is 367917717 a multiple of 28?
False
Is 204239200 a multiple of 40?
True
Does 11 divide 1934328044?
True
Does 11 divide 523405828?
True
Is 1930 a factor of 14021450?
True
Is 52363015 a multiple of 10?
False
Does 5 divide 613346?
False
Is 36006919 a multiple of 13?
True
Does 68 divide 2868428?
False
Does 4 divide 14082784?
True
Is 59939655 a multiple of 121?
False
Does 16 divide 461266234?
False
Does 55 divide 62351665?
False
Is 2163298032 a multiple of 14?
True
Is 1033 a factor of 26639040?
False
Is 483 a factor of 469871094?
True
Is 56603350 a multiple of 42?
False
Is 142 a factor of 153348381?
False
Is 7049898 a multiple of 73?
False
Is 50751667 a multiple of 52?
False
Does 67 divide 489945754?
False
Is 10698620 a multiple of 20?
True
Is 389 a factor of 10361523?
False
Is 36 a factor of 35511594?
False
Does 10091 divide 3772742352?
True
Is 490870112 a multiple of 48?
False
Is 1797570829 a multiple of 19?
True
Does 191 divide 11753949?
True
Is 308 a factor of 8626762?
False
Is 15 a factor of 2485792?
False
Does 487 divide 40130748?
True
Is 12 a factor of 694742678?
False
Does 3 divide 234587916?
True
Is 1431076920 a multiple of 812?
True
Is 684 a factor of 91038348?
True
Does 17 divide 24412429?
False
Does 12 divide 7438780?
False
Does 17 divide 56308828?
True
Is 4065 a factor of 728913050?
False
Does 83 divide 14259732?
True
Is 80 a factor of 3752960?
True
Is 8239616 a multiple of 128?
True
Is 581715472 a multiple of 2343?
False
Is 8254 a factor of 3007666806?
True
Does 2438 divide 699181830?
True
Is 118036278 a multiple of 81?
True
Is 32675500 a multiple of 1300?
True
Is 393 a factor of 64503614?
False
Is 326582250 a multiple of 71?
True
Is 90 a factor of 209005565?
False
Is 9158240 a multiple of 13?
True
Is 23 a factor of 51376066?
True
Does 4 divide 743662189?
False
Does 9 divide 138864960?
True
Is 10 a factor of 624886730?
True
Does 364 divide 36053472?
True
Is 759 a factor of 20164711?
False
Is 70347150 a multiple of 9?
True
Does 3788 divide 202503850?
False
Does 66 divide 24931500?
True
Is 34725159 a multiple of 9?
True
Is 1355 a factor of 40700239?
False
Is 20 a factor of 1812425780?
True
Does 8588 divide 317103861?
False
Is 13 a factor of 375115?
True
Is 37 a factor of 812723539?
False
Is 1640262904 a multiple of 2736?
False
Does 10 divide 236506390?
True
Is 73454854 a multiple of 22?
True
Is 472 a factor of 9964521?
False
Is 5367 a factor of 537087726?
False
Does 123 divide 333613515?
True
Is 3 a factor of 99554335?
False
Does 9 divide 36529025?
False
Is 9 a factor of 42665353?
False
Does 607 divide 262884604?
False
Does 148 divide 500904224?
True
Is 29338818 a multiple of 2012?
False
Is 215179302 a multiple of 86?
False
Is 37776648 a multiple of 26?
True
Does 43 divide 598879619?
True
Is 20 a factor of 55411049?
False
Is 1845837234 a multiple of 2134?
False
Does 9 divide 657655668?
True
Is 1768364036 a multiple of 14?
False
Does 4 divide 135771396?
True
Is 49462597 a multiple of 1220?
False
Does 833 divide 3667699?
True
Is 51841076 a multiple of 14?
True
Does 287 divide 8252111?
True
Does 1770 divide 307983540?
True
Is 399 a factor of 101033583?
True
Does 50 divide 48654314?
False
Does 13 divide 20546356?
False
Is 323 a factor of 45436982?
False
Does 106 divide 2061860908?
True
Is 11287500 a multiple of 10?
True
Does 46 divide 5437621?
False
Does 10 divide 313367350?
True
Is 493444557 a multiple of 21?
False
Does 14 divide 44023778?
False
Is 303 a factor of 161957510?
False
Is 7955 a factor of 877181940?
True
Is 22 a factor of 20486934?
False
Does 2348 divide 1457328148?
False
Does 142 divide 15112776?
True
Does 12 divide 40543416?
True
Is 380 a factor of 494275120?
True
Is 133656665 a multiple of 101?
False
Does 1779 divide 7515555?
False
Does 24 divide 11448864?
True
Is 5411 a factor of 205331217?
True
Is 24497080 a multiple of 152?
True
Does 293 divide 356653803?
False
Is 67 a factor of 189464141?
True
Does 17 divide 265521634?
False
Is 12 a factor of 3871656620?
False
Does 1559 divide 451183954?
True
Is 120 a factor of 4771200?
True
Does 1131 divide 882771833?
False
Does 286 divide 333498308?
True
Is 106726547 a multiple of 8?
False
Is 39 a factor of 254160582?
True
Is 1106 a factor of 40569466?
False
Is 17 a factor of 2652488?
False
Is 691 a factor of 381544633?
True
Is 2564517888 a multiple of 48?
True
Does 581 divide 2027067997?
False
Is 11449443 a multiple of 197?
True
Does 6 divide 240655691?
False
Is 1687 a factor of 126162295?
True
Is 24 a factor of 154136904?
True
Is 2859532545 a multiple of 45?
False
Is 21 a factor of 2262624?
True
Is 26 a factor of 135590?
True
Is 81066780 a multiple of 485?
True
Is 85594088 a multiple of 19?
True
Does 576 divide 38443392?
True
Does 9706 divide 1556429995?
False
Is 3 a factor of 288333560?
False
Does 3 divide 1532913?
True
Is 66 a factor of 1100429748?
True
Is 1214 a factor of 61026205?
False
Does 17 divide 2344915?
False
Is 41610271 a multiple of 766?
False
Does 2127 divide 101896693?
False
Does 16 divide 141239072?
True
Does 50 divide 176848050?
True
Is 40 a factor of 234904720?
True
Does 9095 divide 1199665262?
False
Is 144 a factor of 72358988?
False
Is 62326194 a multiple of 133?
True
Is 80 a factor of 72971520?
True
Is 1241 a factor of 28013093?
True
Does 374 divide 92730556?
False
Does 597 divide 4225811367?
True
Is 6919 a factor of 2684819827?
False
Is 3 a factor of 6657346?
False
Is 21547254 a multiple of 49?
False
Is 3368520624 a multiple of 17?
True
Is 82711936 a multiple of 169?
False
Is 81712870 a multiple of 22?
False
Is 2072583480 a multiple of 20?
True
Is 8 a factor of 32463188?
False
Is 1247646500 a multiple of 5300?
True
Is 894593788 a multiple of 44?
True
Is 664 a factor of 326614919?
False
Does 1146 divide 3880360052?
False
Is 1822 a factor of 58827107?
False
Is 6 a factor of 49576248?
True
Does 38 divide 111485578?
True
Is 297181971 a multiple of 9?
True
Is 17986199 a multiple of 146?
False
Is 268190166 a multiple of 23?
True
Does 1507 divide 85689527?
True
Does 78 divide 279227598?
True
Is 130827177 a multiple of 1873?
True
Is 127 a factor of 327315703?
True
Is 88 a factor of 16128967?
False